of y?
1
Let n = -6 + 15. Suppose 3*s - 2*p + n = 77, 4*s - 3*p - 89 = 0. What is the tens digit of s?
2
Suppose 2361 = 5*q - 3*b - 6577, 3*q + b - 5360 = 0. What is the thousands digit of q?
1
Let r(l) = -3*l - 2*l + 8 + 3*l - l. Let y be r(4). What is the tens digit of (-11 - -13)/(y/(-58))?
2
Let q(h) = -h**3 + 6*h**2 + 9*h - 12. Let n be q(7). Let x be (5 + -3)/(-1 + n). Suppose -k = x*k - 189. What is the tens digit of k?
6
Let c(j) = -j**3 - 12*j**2 - 4*j + 44. What is the thousands digit of c(-18)?
2
Suppose 165 = l - 4*l. What is the units digit of (-12)/10*l/2?
3
Suppose r = 4*s - 336, 4*s - 2*r - 61 = 279. Suppose 4*i = s + 149. What is the tens digit of i?
5
Let a = 5940 + -3336. What is the units digit of a?
4
Let b(s) = 12*s + 31. Let w be b(6). Suppose h - d - 21 = 0, 5*h - 2*d - 2*d - w = 0. What is the units digit of h?
9
Let t(g) be the third derivative of 79*g**4/24 - g**3/2 - 12*g**2. What is the units digit of t(1)?
6
Let b(h) = -h**2 - 4*h. Let q be b(-4). Let i = 10 + 62. Suppose 3*j = -q*j + i. What is the tens digit of j?
2
What is the units digit of 361 + (1 - (6 - -1))?
5
Suppose -3*a = 2*a + 40. Let x be ((-7)/2)/((-3)/18). Let v = a + x. What is the units digit of v?
3
Let q(s) = -s**3 + 8*s**2 + s - 3. Let x be q(8). Suppose 0 = -x*m - 25, 325 = 4*a + a - 4*m. What is the units digit of a?
1
Let j = -88 - -99. Let n(a) = -a**3 + 13*a**2 - 9*a - 21. What is the tens digit of n(j)?
2
Let h be 3/((-15)/20) - -6. What is the units digit of 3/h + (-103)/(-2)?
3
Let v = -6355 + 9257. What is the tens digit of v?
0
Let q = -13 - -26. Let l = -10 + q. Suppose -l*i = -4*y + 54 + 37, 4*y - 86 = 2*i. What is the units digit of y?
9
Let f = 50 - 36. Suppose -4*r + 2 = -f. What is the units digit of r/14 - (-692)/28?
5
Suppose 2*w = -5*w. Suppose w = -3*y - 4*r + 329, 2*y + 2*r = 7*y - 531. What is the tens digit of y?
0
Let c(p) = p**2 - p. Let k be c(1). Suppose -5 = 2*x - q, -5*q + 4*q - 3 = k. What is the units digit of 24 - (-4)/x*2?
2
Let c = 47 - 44. Suppose -c*d + 143 = -46. What is the units digit of d?
3
Let i(p) = -59*p - 337. Let t be i(5). Let l = -5 + 9. What is the units digit of t/(-52) - l/26?
2
Let m = 12 - 15. What is the units digit of (-2 - 0)*70/3*m?
0
Let f = -81 + 133. What is the units digit of f?
2
Let v(j) = j**2 + 71. Let g be v(0). Suppose 0 = -4*b + i + g, -b + 0*i - 3*i = -8. Let l = b - 9. What is the units digit of l?
8
Suppose 126 = 5*g + g. Let s(u) = -u**2 + 18*u + 64. What is the units digit of s(g)?
1
Suppose 5*k - 4*x - x = 1015, -207 = -k + 3*x. What is the tens digit of 6/9*k/2?
6
Let l(j) be the second derivative of j**3 - 5*j**2/2 - j. Let m be ((-3)/(-9))/((-6)/(-108)). What is the units digit of l(m)?
1
Let t = -1 + 4. Suppose 4*f - q = 23, t*f - f - 22 = 4*q. Suppose 0*w + f*w = 65. What is the tens digit of w?
1
Suppose -4*s = -3*x + 366, 2*x = -2*s + s - 86. Let p = -55 - s. What is the tens digit of p?
3
Suppose 0 = -k + 737 + 366. What is the tens digit of k?
0
Suppose -5*r - 2*s = -2945, r + s + 2960 = 6*r. What is the tens digit of r?
9
Suppose 5*t = -2*j + 1130, j + 0 = -5*t + 1130. What is the tens digit of t?
2
Let q(h) = -h - 3. Let i be q(-9). Suppose 0 = -i*x + 17 - 5. Suppose -x*n - 14 = -3*n. What is the units digit of n?
4
Let n(x) = 996*x**2 + 3. What is the tens digit of n(1)?
9
Suppose 0 = 9*x - 5*x - 20. Let j(a) be the third derivative of -a**5/60 + a**4/3 - 11*a**3/6 - a**2. What is the units digit of j(x)?
4
Suppose 0 = -2*f - 2, 2*a - 4*f = 3*a - 1184. What is the hundreds digit of a?
1
What is the units digit of ((-18)/(-27))/((-6573)/(-3285) - 2)?
0
Let c be ((-25)/(-10))/(2/4). Suppose 4*f + 8 + 340 = 4*a, 2*a + c*f - 181 = 0. Suppose 3*m + 5*k = 125, -2*m + 4*k + a + 10 = 0. What is the tens digit of m?
4
Suppose 20*n = 21*n + 5*q - 70, -5*n + 377 = -2*q. What is the units digit of n?
5
Let k(w) be the first derivative of 7*w**4/4 + w**3/3 - w + 9. Suppose -4*a + 4 = -0*a. What is the units digit of k(a)?
7
Let p(w) = -w**3 - 3*w**2 + 6*w + 1. Let q be 9/(-2)*16/(-6). Suppose q = -2*u + z, -2*u - u + 5*z = 25. What is the tens digit of p(u)?
2
Suppose 35*d - 61367 = 116118. What is the tens digit of d?
7
Suppose -3*g = -3*o - 27, 8*o + 1 = -3*g + 4*o. Let a = g + -3. Suppose i - 37 = 3*y, -a*y = -5*i + y + 125. What is the tens digit of i?
2
Let q be (-3)/3 - 12/(-3). Let r be (q + -3)/((-1)/1). Suppose -5*p + 147 = -l, r*l - 10 = 5*l. What is the units digit of p?
9
Let z be ((-5 - -2) + 5)*-6. Let j = z + 12. Suppose j = -l - 4*l + 95. What is the units digit of l?
9
Let a(u) = u**2 + 3*u - 3. Let q be 0 - (-2 + 2 + -2). Suppose 4*d + x = -15, 5*d = -0*d - q*x - 18. What is the units digit of a(d)?
1
Suppose -20*o = -6571 + 2471. What is the tens digit of o?
0
Let r be (5/3)/((-19)/57). Let t(u) = 10*u**2 + u**3 - u + u**3 - 4*u + 4. What is the tens digit of t(r)?
2
Let g be 0/(4*(-3)/6). Suppose -2*j - l + 89 = 3*j, -5*j - 3*l + 97 = g. What is the units digit of j?
7
Let s(q) = -4*q**2 - 29*q - 50. Let p(x) = 5*x**2 + 29*x + 51. Let g(n) = 3*p(n) + 4*s(n). What is the tens digit of g(-21)?
2
Let a be ((-4)/(-5))/(38/475). Let z = a + 4. What is the units digit of z?
4
Let v(c) = 4*c**2 - 60*c + 32. What is the tens digit of v(30)?
3
Suppose 0 = -7*g - 70 + 7. Let s be (-6)/(2 - 3/2). Let o = g - s. What is the units digit of o?
3
Let c = 336 + 350. What is the hundreds digit of c?
6
Let v = 24 + -20. Suppose 32 + 8 = v*d. What is the tens digit of d?
1
Let v = 3527 + -2322. What is the units digit of v?
5
Let k(i) = i**3 - 9*i**2 + 7*i + 12. Let n be k(8). Suppose 0*s - 2*s = -a + 62, n*a - 4*s - 268 = 0. What is the tens digit of a?
7
Let n = 119 + -141. Let u be ((-148)/6)/((-4)/6). Let p = u + n. What is the tens digit of p?
1
Let p = -2366 - -4771. Suppose -2*d + p = 11*d. What is the hundreds digit of d?
1
Let y(s) = -s - 5. Let p(h) = -8*h**2 + h + 2. Let n be p(-1). Let x be y(n). Suppose 0 = 3*t + k - 69 + 25, 46 = x*t + 4*k. What is the tens digit of t?
1
Let p = -32 + 57. Suppose 5*n = -5 + p. What is the units digit of 3 + 16 + (2 - n)?
7
Let y(l) = l**2 - 3*l + 7. Let w be y(2). Suppose 5*m = -j + 315, w*m - 5*j - 126 = 3*m. What is the tens digit of m?
6
Suppose 0 = -4*o - 3*k + 3438, -6 = -4*k + k. What is the units digit of o?
8
Let f(b) = -b**2 - 21*b - 14. Let z be f(-20). Suppose 147 = -z*l + 9*l. What is the tens digit of l?
4
Suppose -819 = -85*a + 82*a. What is the tens digit of a?
7
What is the tens digit of 12366/(-12)*(-2)/3?
8
Let j = 131 - 185. Let a = -26 - j. What is the units digit of a?
8
Let u(k) = 5*k**2 - 5*k + 10. Let y = 93 + -88. What is the units digit of u(y)?
0
Let h(f) = 677*f**3 - f**2 - f. What is the units digit of h(1)?
5
Suppose 0 = 4*i - i. Let a(b) = -b + 2. Let q be a(i). Suppose j + q = 16. What is the units digit of j?
4
Let q(m) = -3*m**2 + 6*m - 1. Let h(z) be the second derivative of z**4/12 - 2*z. Let p(g) = -2*h(g) - q(g). What is the units digit of p(8)?
7
Let z(k) = 2*k**3 - 9*k**2 - 3*k + 11. What is the tens digit of z(7)?
3
Let c(r) = 8*r + 8. Let b(v) = -v + 1. Let z(i) = -5*b(i) - c(i). What is the tens digit of z(-9)?
1
What is the units digit of -470*-3*(-8)/(-48)?
5
Let d(i) = i**3 + 29*i**2 - 7*i + 73. What is the thousands digit of d(-25)?
2
Let i = 11360 + -8100. What is the units digit of i?
0
Let j = 294 + -274. What is the tens digit of j?
2
Let m(r) = r**2 + 22*r + 77. What is the tens digit of m(-21)?
5
Let o = 32 + -46. Let v = 91 - o. What is the hundreds digit of v?
1
Let g(m) = -m**2 - 14*m + 15. Let q be g(-17). Let l be (3/3 - 0)*59. Let u = q + l. What is the tens digit of u?
2
Suppose 19*x - 4838 - 1679 = 0. What is the units digit of x?
3
Let m(z) = -10. Let i(o) = o. Let n(q) = 4*i(q) + m(q). What is the units digit of n(4)?
6
What is the units digit of (-7 + 9)/(2/470)?
0
Let c(g) = -g**2 - 9*g - 3. Let k be c(-8). Suppose -2*o = o - k*m - 183, 305 = 5*o - 2*m. What is the tens digit of o?
6
Let j = 426 - 423. Suppose -z + 3 + 2 = 0. Suppose -a - 28 = -j*a - 2*n, -z*a + 2*n + 84 = 0. What is the units digit of a?
6
What is the units digit of (-7654)/(-8) - (-17 + 1072/64)?
7
Let v be 2/4 - 1804/(-8). Let t = -131 + v. What is the units digit of t?
5
Let u(f) = -2*f